{"id":4633,"date":"2022-09-22T09:28:30","date_gmt":"2022-09-22T09:28:30","guid":{"rendered":"https:\/\/imprenta.org.es\/cerdanyola-del-valles\/?post_type=product&#038;p=4633"},"modified":"2022-09-26T08:51:59","modified_gmt":"2022-09-26T08:51:59","slug":"comprar-manteles","status":"publish","type":"product","link":"https:\/\/imprenta.org.es\/cerdanyola-del-valles\/imprimir\/comprar-manteles\/","title":{"rendered":"Manteles Cerdanyola"},"content":{"rendered":"<h6 style=\"text-align: center;\"><b>LOWCOST<\/b><\/h6>\n<h2 style=\"text-align: center;\">MANTELES ECON\u00d3MICOS<\/h2>\n<p style=\"text-align: center;\">Llevamos a cabo la producci\u00f3n de manteles lowcost, ofreciendo manteles econ\u00f3micas sin perder la calidad que nos caracteriza.<\/p>\n<p>&nbsp;<\/p>\n<p style=\"text-align: center;\">Antes de fabricar el material, se debe realizar un briefing de dicho mantel, ya que es de vital importancia saber d\u00f3nde estar\u00e1 colocado y que tipo se adaptar mejor a sus necesidades.<\/p>\n<p>&nbsp;<\/p>\n<h6 style=\"text-align: center;\"><b>FABRICACION Y TIPOS<\/b><\/h6>\n<h2 style=\"text-align: center;\">REALIZACI\u00d3N<\/h2>\n<p>&nbsp;<\/p>\n<p style=\"text-align: center;\">Como ya se ha comentado anteriormente, <strong>realizamos la fabricaci\u00f3n de todo tipo de manteles, as\u00ed como el montaje de dicho <\/strong><b>mantel<\/b>. Disponemos de una gran variedad de tipos de manteles, as\u00ed como su material.<\/p>\n<p>&nbsp;<\/p>\n<p style=\"text-align: center;\">Existen una gran variedad, entre ellos, <b>papel, cart\u00f3n, acabado mate, acabado brillante<\/b><span style=\"font-weight: 400;\">, <\/span>entre otros.<\/p>\n<p style=\"text-align: center;\"><a href=\"https:\/\/api.whatsapp.com\/send?phone=+34603858264&amp;text=Necesito%20asesoramiento%20acerca%20de%20r%C3%B3tulos%20luminosos.\"><br \/>\n<img loading=\"lazy\" decoding=\"async\" class=\"aligncenter wp-image-4562 size-medium\" src=\"https:\/\/imprenta.org.es\/cerdanyola-del-valles\/wp-content\/uploads\/2022\/09\/Solicitar-Asesoramiento-300x113.png\" alt=\"Solicitar Asesoramiento Rotulos\" width=\"300\" height=\"113\" srcset=\"https:\/\/imprenta.org.es\/cerdanyola-del-valles\/wp-content\/uploads\/2022\/09\/Solicitar-Asesoramiento-300x113.png 300w, https:\/\/imprenta.org.es\/cerdanyola-del-valles\/wp-content\/uploads\/2022\/09\/Solicitar-Asesoramiento.png 401w\" sizes=\"auto, (max-width: 300px) 100vw, 300px\" \/><\/a><\/p>\n<p>&nbsp;<\/p>\n<h5 style=\"text-align: center;\">VENTAJAS<\/h5>\n<h2 style=\"text-align: center;\">\u00bfPOR QU\u00c9 ELEGIRNOS?<\/h2>\n<p>&nbsp;<\/p>\n<p style=\"text-align: center;\">Los calendarios son el producto ideal para promocionarse y que la gente te contacte para cualquier negocio. Son ideales para comercios ya que aumentan la visibilidad y el flujo de clientes hasta en un 80% en las franjas horarios de venta, que suelen ser a partir de las 7:00 en la estaci\u00f3n de invierno y las 9:00h en verano.<\/p>\n<p>&nbsp;<\/p>\n<h2 style=\"text-align: center;\">\u00bfPOR QU\u00c9 SON IMPORTANTES?<\/h2>\n<p>&nbsp;<\/p>\n<p style=\"text-align: center;\">\u00a0son importantes y una pieza fundamental para la identidad de cualquier negocio, ya que sirven para reflejar en el establecimiento la imagen de \u00e9ste, creando un dise\u00f1o que se diferencie del resto de la competencia. \u00c9stos funcionan bien tanto en el interior como en el exterior, ya que existe una gran variedad de dise\u00f1os para negocios, cada uno se utilizara de manera distinta.<\/p>\n<p>&nbsp;<\/p>\n<p><a href=\"https:\/\/api.whatsapp.com\/send?phone=+34603858264&amp;text=Necesito%20informaci%C3%B3n%20comercial%20sobre%20vuestros%20servicios.\"><img loading=\"lazy\" decoding=\"async\" class=\"aligncenter wp-image-4564 size-medium\" src=\"https:\/\/imprenta.org.es\/cerdanyola-del-valles\/wp-content\/uploads\/2022\/09\/Contacta-con-nuestro-servicio-tecnico-300x300.png\" alt=\"\" width=\"300\" height=\"300\" srcset=\"https:\/\/imprenta.org.es\/cerdanyola-del-valles\/wp-content\/uploads\/2022\/09\/Contacta-con-nuestro-servicio-tecnico-300x300.png 300w, https:\/\/imprenta.org.es\/cerdanyola-del-valles\/wp-content\/uploads\/2022\/09\/Contacta-con-nuestro-servicio-tecnico-150x150.png 150w, https:\/\/imprenta.org.es\/cerdanyola-del-valles\/wp-content\/uploads\/2022\/09\/Contacta-con-nuestro-servicio-tecnico-500x500.png 500w, https:\/\/imprenta.org.es\/cerdanyola-del-valles\/wp-content\/uploads\/2022\/09\/Contacta-con-nuestro-servicio-tecnico-100x100.png 100w, https:\/\/imprenta.org.es\/cerdanyola-del-valles\/wp-content\/uploads\/2022\/09\/Contacta-con-nuestro-servicio-tecnico.png 540w\" sizes=\"auto, (max-width: 300px) 100vw, 300px\" \/><\/a><\/p>\n<h3 style=\"text-align: center;\"><a href=\"https:\/\/api.whatsapp.com\/send?phone=+34603858264&amp;text=Necesito%20informaci%C3%B3n%20comercial%20sobre%20vuestros%20servicios.\">PULSA AQU\u00cd PARA HABLAR CON UN ESPECIALISTA<\/a><\/h3>\n","protected":false},"excerpt":{"rendered":"<h1 style=\"text-align: center;\">MANTELES EN CERDANYOLA<\/h1>\n<p style=\"text-align: center;\">Realizamos la fabricaci\u00f3n y el dise\u00f1o de todo tipo de calendarios<strong>\u00a0en Cerdanyola del Vall\u00e9s<\/strong> a precios econ\u00f3micos. <strong>P<\/strong><b>apel, cart\u00f3n, acabado mate, acabado brillante.<\/b><\/p>\n<p style=\"text-align: center;\"><strong>Compra tus manteles online para tu negocio en Cerdanyola del Vall\u00e9s.<\/strong><\/p>\n","protected":false},"featured_media":4554,"comment_status":"open","ping_status":"closed","template":"","meta":[],"product_brand":[],"product_cat":[2646],"product_tag":[3775,3831,3804,3753,3810,3781,3754,3811,3782,3749,3806,3777,3751,3808,3779,3773,3829,3802,3756,3812,3784,3768,3824,3797,3766,3822,3795,3764,3820,3793,3769,3825,3798,3762,3818,3791,3750,3807,3778,3771,3827,3800,3761,3817,3790,3763,3819,3792,3772,3828,3801,3765,3821,3794,3770,3826,3799,3774,3830,3803,3767,3823,3796,3755,3783,3786,3758,3814,3787,3759,3815,3788,3760,3816,3789,3748,3805,3776,3752,3809,3780,3757,3813,3785],"yst_prominent_words":[638,325,494,401,776],"class_list":{"0":"post-4633","1":"product","2":"type-product","3":"status-publish","4":"has-post-thumbnail","6":"product_cat-pequeno-formato","7":"product_tag-imprimir-mantel","8":"product_tag-imprimir-mantel-baratos-cerdanyola-del-valles","9":"product_tag-imprimir-mantel-cerdanyola-del-valles","10":"product_tag-imprimir-manteles-personalizados","11":"product_tag-imprimir-manteles-personalizados-baratos-cerdanyola-del-valles","12":"product_tag-imprimir-manteles-personalizados-cerdanyola-del-valles","13":"product_tag-mantel-corporativo","14":"product_tag-mantel-corporativo-baratos-cerdanyola-del-valles","15":"product_tag-mantel-corporativo-cerdanyola-del-valles","16":"product_tag-mantel-individual-personalizado","17":"product_tag-mantel-individual-personalizado-baratos-cerdanyola-del-valles","18":"product_tag-mantel-individual-personalizado-cerdanyola-del-valles","19":"product_tag-mantel-individual-tela-personalizado","20":"product_tag-mantel-individual-tela-personalizado-baratos-cerdanyola-del-valles","21":"product_tag-mantel-individual-tela-personalizado-cerdanyola-del-valles","22":"product_tag-mantel-kraft-personalizado","23":"product_tag-mantel-kraft-personalizado-baratos-cerdanyola-del-valles","24":"product_tag-mantel-kraft-personalizado-cerdanyola-del-valles","25":"product_tag-mantel-personalizado-fotos","26":"product_tag-mantel-personalizado-fotos-baratos-cerdanyola-del-valles","27":"product_tag-mantel-personalizado-fotos-cerdanyola-del-valles","28":"product_tag-manteles-bordados-personalizados","29":"product_tag-manteles-bordados-personalizados-baratos-cerdanyola-del-valles","30":"product_tag-manteles-bordados-personalizados-cerdanyola-del-valles","31":"product_tag-manteles-de-mesa-personalizados","32":"product_tag-manteles-de-mesa-personalizados-baratos-cerdanyola-del-valles","33":"product_tag-manteles-de-mesa-personalizados-cerdanyola-del-valles","34":"product_tag-manteles-de-papel-personalizados","35":"product_tag-manteles-de-papel-personalizados-baratos-cerdanyola-del-valles","36":"product_tag-manteles-de-papel-personalizados-cerdanyola-del-valles","37":"product_tag-manteles-de-tela-personalizados","38":"product_tag-manteles-de-tela-personalizados-baratos-cerdanyola-del-valles","39":"product_tag-manteles-de-tela-personalizados-cerdanyola-del-valles","40":"product_tag-manteles-individuales-de-papel-personalizados","41":"product_tag-manteles-individuales-de-papel-personalizados-baratos-cerdanyola-del-valles","42":"product_tag-manteles-individuales-de-papel-personalizados-cerdanyola-del-valles","43":"product_tag-manteles-individuales-kraft-personalizados","44":"product_tag-manteles-individuales-kraft-personalizados-baratos-cerdanyola-del-valles","45":"product_tag-manteles-individuales-kraft-personalizados-cerdanyola-del-valles","46":"product_tag-manteles-individuales-papel-personalizados","47":"product_tag-manteles-individuales-papel-personalizados-baratos-cerdanyola-del-valles","48":"product_tag-manteles-individuales-papel-personalizados-cerdanyola-del-valles","49":"product_tag-manteles-individuales-personalizados","50":"product_tag-manteles-individuales-personalizados-baratos-cerdanyola-del-valles","51":"product_tag-manteles-individuales-personalizados-cerdanyola-del-valles","52":"product_tag-manteles-individuales-personalizados-con-fotos","53":"product_tag-manteles-individuales-personalizados-con-fotos-baratos-cerdanyola-del-valles","54":"product_tag-manteles-individuales-personalizados-con-fotos-cerdanyola-del-valles","55":"product_tag-manteles-individuales-personalizados-hosteleria","56":"product_tag-manteles-individuales-personalizados-hosteleria-baratos-cerdanyola-del-valles","57":"product_tag-manteles-individuales-personalizados-hosteleria-cerdanyola-del-valles","58":"product_tag-manteles-individuales-personalizados-para-ninos","59":"product_tag-manteles-individuales-personalizados-para-ninos-baratos-cerdanyola-del-valles","60":"product_tag-manteles-individuales-personalizados-para-ninos-cerdanyola-del-valles","61":"product_tag-manteles-kraft-personalizados","62":"product_tag-manteles-kraft-personalizados-baratos-cerdanyola-del-valles","63":"product_tag-manteles-kraft-personalizados-cerdanyola-del-valles","64":"product_tag-manteles-papel","65":"product_tag-manteles-papel-baratos-cerdanyola-del-valles","66":"product_tag-manteles-papel-cerdanyola-del-valles","67":"product_tag-manteles-papel-hosteleria-personalizados","68":"product_tag-manteles-papel-hosteleria-personalizados-baratos-cerdanyola-del-valles","69":"product_tag-manteles-papel-hosteleria-personalizados-cerdanyola-del-valles","70":"product_tag-manteles-personalizados-baratos","71":"product_tag-manteles-personalizados-baratos-cerdanyola-del-valles","72":"product_tag-manteles-personalizados-cerdanyola-del-valles","73":"product_tag-manteles-personalizados-con-fotos","74":"product_tag-manteles-personalizados-con-fotos-baratos-cerdanyola-del-valles","75":"product_tag-manteles-personalizados-con-fotos-cerdanyola-del-valles","76":"product_tag-manteles-personalizados-de-cumpleanos","77":"product_tag-manteles-personalizados-de-cumpleanos-baratos-cerdanyola-del-valles","78":"product_tag-manteles-personalizados-de-cumpleanos-cerdanyola-del-valles","79":"product_tag-manteles-personalizados-papel","80":"product_tag-manteles-personalizados-papel-baratos-cerdanyola-del-valles","81":"product_tag-manteles-personalizados-papel-cerdanyola-del-valles","82":"product_tag-manteles-personalizados-para-eventos","83":"product_tag-manteles-personalizados-para-eventos-baratos-cerdanyola-del-valles","84":"product_tag-manteles-personalizados-para-eventos-cerdanyola-del-valles","85":"product_tag-manteles-personalizados-para-restaurantes","86":"product_tag-manteles-personalizados-para-restaurantes-baratos-cerdanyola-del-valles","87":"product_tag-manteles-personalizados-para-restaurantes-cerdanyola-del-valles","88":"product_tag-manteles-tela-personalizados","89":"product_tag-manteles-tela-personalizados-baratos-cerdanyola-del-valles","90":"product_tag-manteles-tela-personalizados-cerdanyola-del-valles","92":"first","93":"instock","94":"taxable","95":"shipping-taxable","96":"product-type-simple"},"_links":{"self":[{"href":"https:\/\/imprenta.org.es\/cerdanyola-del-valles\/wp-json\/wp\/v2\/product\/4633","targetHints":{"allow":["GET"]}}],"collection":[{"href":"https:\/\/imprenta.org.es\/cerdanyola-del-valles\/wp-json\/wp\/v2\/product"}],"about":[{"href":"https:\/\/imprenta.org.es\/cerdanyola-del-valles\/wp-json\/wp\/v2\/types\/product"}],"replies":[{"embeddable":true,"href":"https:\/\/imprenta.org.es\/cerdanyola-del-valles\/wp-json\/wp\/v2\/comments?post=4633"}],"wp:featuredmedia":[{"embeddable":true,"href":"https:\/\/imprenta.org.es\/cerdanyola-del-valles\/wp-json\/wp\/v2\/media\/4554"}],"wp:attachment":[{"href":"https:\/\/imprenta.org.es\/cerdanyola-del-valles\/wp-json\/wp\/v2\/media?parent=4633"}],"wp:term":[{"taxonomy":"product_brand","embeddable":true,"href":"https:\/\/imprenta.org.es\/cerdanyola-del-valles\/wp-json\/wp\/v2\/product_brand?post=4633"},{"taxonomy":"product_cat","embeddable":true,"href":"https:\/\/imprenta.org.es\/cerdanyola-del-valles\/wp-json\/wp\/v2\/product_cat?post=4633"},{"taxonomy":"product_tag","embeddable":true,"href":"https:\/\/imprenta.org.es\/cerdanyola-del-valles\/wp-json\/wp\/v2\/product_tag?post=4633"},{"taxonomy":"yst_prominent_words","embeddable":true,"href":"https:\/\/imprenta.org.es\/cerdanyola-del-valles\/wp-json\/wp\/v2\/yst_prominent_words?post=4633"}],"curies":[{"name":"wp","href":"https:\/\/api.w.org\/{rel}","templated":true}]}}

<h6 style="text-align: center;"><b>LOWCOST</b></h6>
<h2 style="text-align: center;">MANTELES ECONÓMICOS</h2>
<p style="text-align: center;">Llevamos a cabo la producción de manteles lowcost, ofreciendo manteles económicas sin perder la calidad que nos caracteriza.</p>
<p>&nbsp;</p>
<p style="text-align: center;">Antes de fabricar el material, se debe realizar un briefing de dicho mantel, ya que es de vital importancia saber dónde estará colocado y que tipo se adaptar mejor a sus necesidades.</p>
<p>&nbsp;</p>
<h6 style="text-align: center;"><b>FABRICACION Y TIPOS</b></h6>
<h2 style="text-align: center;">REALIZACIÓN</h2>
<p>&nbsp;</p>
<p style="text-align: center;">Como ya se ha comentado anteriormente, <strong>realizamos la fabricación de todo tipo de manteles, así como el montaje de dicho </strong><b>mantel</b>. Disponemos de una gran variedad de tipos de manteles, así como su material.</p>
<p>&nbsp;</p>
<p style="text-align: center;">Existen una gran variedad, entre ellos, <b>papel, cartón, acabado mate, acabado brillante</b><span style="font-weight: 400;">, </span>entre otros.</p>
<p style="text-align: center;"><a href="https://api.whatsapp.com/send?phone=+34603858264&amp;text=Necesito%20asesoramiento%20acerca%20de%20r%C3%B3tulos%20luminosos."><br />
<img loading="lazy" decoding="async" class="aligncenter wp-image-4562 size-medium" src="https://imprenta.org.es/cerdanyola-del-valles/wp-content/uploads/2022/09/Solicitar-Asesoramiento-300x113.png" alt="Solicitar Asesoramiento Rotulos" width="300" height="113" srcset="https://imprenta.org.es/cerdanyola-del-valles/wp-content/uploads/2022/09/Solicitar-Asesoramiento-300x113.png 300w, https://imprenta.org.es/cerdanyola-del-valles/wp-content/uploads/2022/09/Solicitar-Asesoramiento.png 401w" sizes="auto, (max-width: 300px) 100vw, 300px" /></a></p>
<p>&nbsp;</p>
<h5 style="text-align: center;">VENTAJAS</h5>
<h2 style="text-align: center;">¿POR QUÉ ELEGIRNOS?</h2>
<p>&nbsp;</p>
<p style="text-align: center;">Los calendarios son el producto ideal para promocionarse y que la gente te contacte para cualquier negocio. Son ideales para comercios ya que aumentan la visibilidad y el flujo de clientes hasta en un 80% en las franjas horarios de venta, que suelen ser a partir de las 7:00 en la estación de invierno y las 9:00h en verano.</p>
<p>&nbsp;</p>
<h2 style="text-align: center;">¿POR QUÉ SON IMPORTANTES?</h2>
<p>&nbsp;</p>
<p style="text-align: center;"> son importantes y una pieza fundamental para la identidad de cualquier negocio, ya que sirven para reflejar en el establecimiento la imagen de éste, creando un diseño que se diferencie del resto de la competencia. Éstos funcionan bien tanto en el interior como en el exterior, ya que existe una gran variedad de diseños para negocios, cada uno se utilizara de manera distinta.</p>
<p>&nbsp;</p>
<p><a href="https://api.whatsapp.com/send?phone=+34603858264&amp;text=Necesito%20informaci%C3%B3n%20comercial%20sobre%20vuestros%20servicios."><img loading="lazy" decoding="async" class="aligncenter wp-image-4564 size-medium" src="https://imprenta.org.es/cerdanyola-del-valles/wp-content/uploads/2022/09/Contacta-con-nuestro-servicio-tecnico-300x300.png" alt="" width="300" height="300" srcset="https://imprenta.org.es/cerdanyola-del-valles/wp-content/uploads/2022/09/Contacta-con-nuestro-servicio-tecnico-300x300.png 300w, https://imprenta.org.es/cerdanyola-del-valles/wp-content/uploads/2022/09/Contacta-con-nuestro-servicio-tecnico-150x150.png 150w, https://imprenta.org.es/cerdanyola-del-valles/wp-content/uploads/2022/09/Contacta-con-nuestro-servicio-tecnico-500x500.png 500w, https://imprenta.org.es/cerdanyola-del-valles/wp-content/uploads/2022/09/Contacta-con-nuestro-servicio-tecnico-100x100.png 100w, https://imprenta.org.es/cerdanyola-del-valles/wp-content/uploads/2022/09/Contacta-con-nuestro-servicio-tecnico.png 540w" sizes="auto, (max-width: 300px) 100vw, 300px" /></a></p>
<h3 style="text-align: center;"><a href="https://api.whatsapp.com/send?phone=+34603858264&amp;text=Necesito%20informaci%C3%B3n%20comercial%20sobre%20vuestros%20servicios.">PULSA AQUÍ PARA HABLAR CON UN ESPECIALISTA</a></h3>

<h1 style="text-align: center;">MANTELES EN CERDANYOLA</h1>
<p style="text-align: center;">Realizamos la fabricación y el diseño de todo tipo de calendarios<strong> en Cerdanyola del Vallés</strong> a precios económicos. <strong>P</strong><b>apel, cartón, acabado mate, acabado brillante.</b></p>
<p style="text-align: center;"><strong>Compra tus manteles online para tu negocio en Cerdanyola del Vallés.</strong></p>
